- 2)).
-10
Calculate -1 + ((4 - -2) + -18 - (-2 - 3)).
-8
54 + 2 - (-504 + 541)
19
What is the value of -4 - ((-4 - 4) + 2 + 12 + -1)?
-9
Evaluate 18 - (-6 + 25) - (12 - 4).
-9
What is the value of -6 + 1 + -5 + -7 + 21 + -17?
-13
Calculate 4 + (3 - (10 - 2)) - 0.
-1
(1 + 15 - 9) + 1
8
What is the value of 8 - (9 + (0 - 2) + -10)?
11
Calculate -5 - (23 + -9 - 26).
7
What is the value of 2 + (-3 - (-6 + -1 - -23)) + 9?
-8
What is (-15 - 36 - -24) + 8?
-19
Evaluate (6 - 7 - 14 - -7) + -2 + 3.
-7
What is the value of -21 - (-9 + (4 - (3 + 2)))?
-11
(7 - 0) + (-181 - -171)
-3
-11 - (1 + -6 + -1)
-5
(26 - 31) + 12 - -22
29
Evaluate -18 + (-14 - (-23 - -6)) - 9.
-24
Evaluate (1 - 6) + (-87 - -103).
11
-2 + (-5 + 11 + 1 - 1)
4
What is 10 + (23 - 12) + -30?
-9
Calculate (-4 - 1 - -11) + -9 - 8.
-11
Calculate 29 + (29 - (-11 + 47)).
22
8 + (-7 + 5 - -21)
27
What is -12 + 4 - (8 + 2 - 6)?
-12
Evaluate 6 + -4 + 12 - -1.
15
(0 - -10) + (67 - 74) + (-24 - -37)
16
Calculate 12 + (26 - 5) + -47.
-14
What is the value of 12 + -2 + 0 + 4 + -2 + -1?
11
What is 56 - 1 - (15 - -13)?
27
Evaluate 97 - 80 - (17 - 1).
1
Calculate 3 + 2 + -22 + 21 + -17.
-13
Evaluate (200 - 203) + 7 + 0.
4
Calculate -7 + -6 + 4 - 2.
-11
Evaluate (0 - 4) + (39 - 11) + -14 - 9.
1
What is the value of 11 + -18 - (-26 - -25)?
-6
What is -108 + 116 - ((0 - -16) + 0)?
-8
Calculate -5 + 0 + (-14 - -1) + 4 - -6.
-8
2 - (29 - (18 + -10) - 4)
-15
What is the value of (-13 - -4) + (-4 - -10 - (10 + 1))?
-14
(-13 - (0 + 3)) + 8 - 10
-18
What is the value of -6 + (5 - 7 - (-13 + 8))?
-3
What is the value of 180 - 195 - (-26 + 2)?
9
What is the value of 24 - 51 - (22 + -48)?
-1
What is the value of (-53 - -36) + 26 + 23?
32
What is the value of (27 - 49) + -21 + 19?
-24
Calculate -23 + (2 - 20) - -72.
31
What is (567 - 619) + 29 + 0?
-23
Calculate -3 + -2 + 48 - 25.
18
What is (12 - (5 + 2)) + (-16 - (-2 - 1))?
-8
What is 0 + 38 - (16 + 5)?
17
Evaluate (10 - (-3 - -2)) + 39 + -41.
9
(-16 - -8) + 1 + (0 - -2)
-5
What is the value of 0 - (6 + -1) - (17 - (-35 + 61))?
4
Calculate 68 - 58 - (2 - -6) - -20.
22
Evaluate 4 + (3 - (-4 + 14 - -3)).
-6
Calculate 13 - (0 + 9) - (16 - -1).
-13
What is -42 + 54 - (10 + -1)?
3
What is 10 + -27 + 10 + 23?
16
-6 + -7 - (-2 + -1)
-10
Calculate -3 - (-11 - -12 - -4 - 12).
4
25 - 2 - (30 + 12)
-19
Evaluate -1 + (-6 + 5 + -2 - 1) + 6.
1
What is 10 - (-23 - -4 - -22)?
7
Evaluate (8 - ((-20 + 10 - -1) + 25)) + 4.
-4
Calculate 9 + 15 + -4 + 2 + -9 + 2.
15
What is -15 - (6 - (0 - 10) - 10)?
-21
What is -17 + (-3 - -22) - (0 + -10)?
12
Evaluate 5 - (-6 - -11 - 5 - 2).
7
What is the value of 1 + -2 - ((19 - 4) + -16)?
0
Calculate (14 - -5) + (0 - 0) - 2.
17
-2 + 24 + -11 - 2
9
What is the value of -1 + 2 + -10 - (-23 - -26)?
-12
What is 4 + (11 - 4) + -14 - 0?
-3
Evaluate -7 + -2 - (3 - 3 - (16 + -14)).
-7
1 + -2 + -42 + 45 + -3
-1
What is -3 + -8 - -15 - -2?
6
Calculate -5 + 2 + (0 - -1) - (-112 + 117).
-7
1 + 1 + 1 + (8 - (3 + -1))
9
Evaluate -2 - 1 - (-11 + 2 - (-32 + 20)).
-6
What is the value of 8 - ((7 + 3 - 11) + 29)?
-20
What is 0 - (-41 + 42 + 1 + -1 - 0)?
-1
-12 - -2 - (11 - 11) - -14
4
What is (-9 - -14) + -6 + (-4 - 0)?
-5
Calculate -3 + (3 - 2) - (4 + -20 + 23).
-9
7 + -17 + (13 - 13)
-10
Calculate 3 + -5 + (-15 - -25 - (-28 + 10)).
26
What is (-4 - -23) + (-116 - -129)?
32
Calculate (-3 - -3) + 30 + -30 + 28.
28
Evaluate -6 + (29 - (4 - -1)).
18
What is -9 + -6 + 6 + -2 + 31 + 0?
20
Evaluate 0 + 0 + (1 - -5).
6
What is the value of -11 - (22 + -38) - (-1 - -1)?
5
What is -17 - (17 + (-19 - -16) + -14)?
-17
Calculate 20 + -10 + -24 + 28.
14
Evaluate 6 + -18 + 53 + -17 + -9.
15
What is the value of (-13 + 24 - -14) + 0 + -3?
22
What is (0 - -10) + 2 + -10?
2
Calculate -17 + 21 + -13 + 2 - -32.
25
Calculate -9 + (11 - 6) - (-3 - -6).
-7
0 - (-5 - -5) - (-6 - 2)
8
Evaluate 5 + 10 - (11 + -8) - 6.
6
Calculate (-1 - 15) + -7 + 7 + (6 - 1).
-11
What is -20 + (-5 - (-24 - -4))?
-5
(-9 - (8 + -13)) + 15
11
3 + (-12 - 5) + 8 - -7
1
Calculate 12 + 25 + -8 - 1.
28
What is -10 + (-1 - -51) + -20?
20
Calculate (3 + 1 - (50 - 58)) + -6.
6
Calculate 2 + -17 - (-82 + 49).
18
What is -6 - (-17 - (-2 + 1))?
10
(-19 + 9 + -1 - -17) + -15
-9
Calculate -4 - (6 + -4 + 0) - 1.
-7
What is 0 + -8 + -13 + 11 + 17?
7
-6 - (2 + -1) - (-24 - -79 - 57)
-5
(7 - (1 - -1)) + -10 - (6 + -2)
-9
Calculate 11 + (-17 - (-20 + 4 + 9)) + 10.
11
Calculate -57 + (60 - (-2 + 24)).
-19
4 - -2 - (-134 - -132)
8
Evaluate (-2 - -9) + -14 + -3.
-10
Evaluate -1 + 15 - (67 - 46).
-7
What is -10 - (27 + -2 + -55)?
20
What is the value of 32 - (26 + -57) - 24?
39
Calculate (28 - (6 + 13)) + 3.
12
What is 4 + -1 + (17 - 12 - (3 + -2))?
7
-24 + -18 + 12 + 17
-13
What is the value of -24 + 19 + -3 + -2?
-10
Calculate -12 - (-10 + 9 + -1 - -6).
-16
Evaluate -14 - (-4 + -5 - -3) - -7.
-1
Evaluate (-2 + 0 - -7) + (8 - 19) + 20.
14
What is the value of -7 + -11 + 3 + (35 - -3)?
23
Evaluate -20 + -2 - (5 - (19 + -8)).
-16
What is the value of 15 + -4 + (-14 + 0 - -4)?
1
Evaluate (-231 - -234) + -3 + (1 - -1).
2
Calculate (1 + 7 - (3 - 1)) + -298 + 295.
3
Calculate 22 - 6 - (-3 + 9 - 1).
11
What is -2 - ((-17 - (-8 - 3)) + 5)?
-1
What is -12 - (1 + 8 + (-20 - 19))?
18
Evaluate -1 + -4 + (-33 - -1) + 22.
-15
Calculate 33 - (-9 + (37 - 9)).
14
Calculate (6 - 17) + 6 - -16.
11
What is -27 + 18 + (21 - 5)?
7
Calculate (14 - -10) + (-128 - -65).
-39
1 - (-14 - (2 - (-5 - -9)))
13
What is (-7 - -12) + (1 - (4 + -1))?
3
Calculate -11 - (-8 + (10 - -8)).
-21
0 + 1 + 41 + -39 + 4 + -1
6
(-2 - 9 - (66 - 100)) + (3 - 3)
23
Evaluate (2 + 7 - (-5 - -23)) + (3 - -3).
-3
What is 0 + 2 + -1 + 3 + -2?
2
What is 21 + 18 - 19 - 17?
3
What is the value of 0 + -3 + 84 + -70?
11
What is the value of -1 + -7 - ((2 - -11) + -13 + -13)?
5
Calculate 6 + 0 + (4 - (-9 - -17)).
2
-685 + 652 + (-2 - -16)
-19
Calculate (-3 - 0) + (1 - 4).
-6
Evaluate -3 + 9 - (234 + -253).
25
What is 1 + -5 + -10 - (0 + -8)?
-6
2 + (-3 + -8 - -18 - 31)
-22
Evaluate (-22 - (-2 + -3)) + 8.
-9
Calculate 71 + -30 - 27 - -11.
25
19 + (10 + 5 - 23)
11
-1 + (28 - 16) + -9
2
What is 2 - (0 - -6) - (1 - -4)?
-9
What is -5 + (0 - (16 - 15)) - 10?
-16
Calculate -24 + (5 + -20 - -12 - (-3 - -1)).
-25
Calculate 15 + -15 + 3 - (3 + 8 + 1).
-9
Calculate -10 - (-18 - -1) - 7.
0
-32 + (-4 - -4 - 6) + -2 + 11
-29
What is the value of -19 + 7 - -8 - (-2 - (-4 + 5))?
-1
Evaluate 33 + (-10 - (-9 - -21)).
11
Evaluate (-6 + -1 + 13 - 1) + 16.
21
What is -2 - ((7 - 11) + (4 - 1) + 8)?
-9
Calculate -35 + (-3 - (-7 - 19)).
-12
-283 + 269 + -1 + 16
1
What is the value of -1 + (-2 + 6 - 0) + -7?
-4
15 + -2 + (18 - 17) + (2 - -2)
18
Evaluate 37 + -43 - (1 + -10 + -2).
5
Calculate -1 + 1 - -4 - (1425 - 1431).
10
Evaluate 4 - 18 - (-2 - -1).
-13
Calculate -15 - (2 + -1 + (1 - -2 - 9)).
-10
What is (3 - -8) + -12 + -2 + 1 - -10?
8
19 + -14 - 7 - -9
7
What is the value of 13 - 0 - (193 + -170)?
-10
What is the value of (3 - 1) + (0 + -6 + 5 - -5)?
6
What is the value of 16 + 2 + -9 + (6 - 4)?
11
(17 - (-12 - -17) - 14) + 11
9
What is 1 + (-1 - -3) + (-12 - 2) + 7?
-4
-10 - (2 - 15 - 5) - 18 - 4
-14
Calculate (-5 - -4 - -4) + (-3 - (-1 - 4)).
5
What is -14 + 7 - 7 - -4?
-10
-107 + 97 + 0 + 9 + 1
0
What is 0 + 0 + (12 - (-14 + 39 - 14))?
1
Evaluate (0 - 11) + 20 - 18.
-9
5 + 1 + 10 + (-5 - -10) + -8
13
Evaluate 3 + -7 + 20 - (14 - (30 + -12)).
20
Calculate 24 + 19 + -12 + -18 - -13.
26
What is (21 - 0 - (30 + -27) - 8) + 0?
10
What is -1 + -5 - (-23 - (-3 - 10))?
4
-10 + 6 + -12 + 5
-11
Calculate 27 + -15 + -17 + (-6 - -9).
-2
-3 - (14 + -4 + -3) - -4 - 7
-13
What is 0 - (0 + -31 + 44)?
-13
6 - ((-1 - -7) + (-5 - (-14 - -5)))
-4
-6 - (-9 - (1 - -2 - 5 - 14))
-13
Evaluate 0 + -2 + 11 + (7 - 1).
15
What is 1 + (14 - (1 + 16))?
-2
What is the value of 0 - (-7 + 17 + -6 + (-1 - -6))?
-9
Calculate (7 - (5 - -5) - 5) + -3.
-11
What is -214 + 212 - (2 + 0 - 25)?
21
Calculate -5 - (-55 - -28) - 42.
-20
-36 + (56 - -27) - 19
28
What is the value of -3 + (11 - 14 - (-19 + -4)) + -9?
8
(-10 + 5 - -9) + 2 - (17 - 13)
2
3 + (-13 - -11 - -4)
5
What is the value of -4 + -4 + 12 + -1?
3
Calculate 20 - (51 - 42 - (-2 + 5 + 2)).
16
Evaluate (14 - (12 - 8)) + (6 - (2 - -2)).
12
-5 - -1 - (-812 + 794 - (-11 - -1))
4
